 = -o, 35*o - 3*p = 32*o. Is 61338/(-24)*(-5 + 3 - o) prime?
True
Suppose -2*x + 2 = 0, 0*o - 4*o = -4*x - 64. Suppose -o*q + 3*q + 14322 = 0. Suppose 0 = 3*y - 0*y - 4*z - q, 0 = -2*z - 6. Is y a prime number?
True
Let h = 2086 + 1439. Suppose 4*n + 69809 = 3*z, 4*n = 5*z - 119868 + h. Is z prime?
False
Let a be (-1 - 0)*1*(-4 - 109). Suppose 0 = 112*u - a*u + 1923. Is u prime?
False
Let g = -237290 + 353719. Is g composite?
True
Let m(z) = z**3 + 2*z**2 - z + 662. Let o = 142 - 140. Suppose 4*t - 6 = 6*s - 4*s, o*t + s + 3 = 0. Is m(t) a composite number?
True
Suppose -12*n + 5 + 19 = 0. Is 2/((20/55340)/(1/n)) a prime number?
True
Let d(k) = 33*k + 1563. Let z be d(0). Let c = 3040 - z. Is c composite?
True
Let q(x) = -27*x**2 - 3*x - 23. Let u(l) = 81*l**2 + 13*l + 68. Let o(n) = 17*q(n) + 6*u(n). Is o(-22) a prime number?
True
Let r(v) = 3*v - 13. Let z be r(3). Let s(t) = -15*t**3 - 5*t**2 - 7*t - 13. Is s(z) composite?
True
Suppose 95 = 5*h - 5*t + 10, 5*t = -3*h + 43. Suppose -h*g + 1893 = 341. Is g prime?
True
Let v = 44 - 18. Suppose 3*n = 281 - v. Let d = n + 72. Is d a composite number?
False
Suppose 2003 = -3*p + 7319. Is p/(-3)*120/(-160) composite?
False
Let g = 3916 - 5339. Suppose 5*n + 2*r - r = -4781, -3*n - 2864 = -4*r. Let c = n - g. Is c a prime number?
True
Suppose 10*h = 1042 + 1628. Let o(q) = 271*q + 6 + 0 - h*q + 3*q**2. Is o(7) prime?
True
Is (-12)/6*(-60747)/6 a prime number?
True
Let p be (2/7 + 50/70)*4. Suppose 0*z + 2*z + p*v - 32 = 0, -2*z = -3*v - 53. Suppose 0 = -z*f + 20*f + 2138. Is f a composite number?
False
Is -10 - (-75686 + 8)/6 prime?
False
Let l = 65970 - 1937. Is l a composite number?
False
Let s = -5639 - -1197. Let p = s - -10179. Is p composite?
False
Suppose -17*a + 1086 = -15*a. Let q = 676 + a. Is q a composite number?
True
Is ((-527526)/(-4) + -2)/(143/(-22) + 7) a composite number?
False
Let g(m) = -3*m**2 - 15*m - 49. Let c(r) = -2*r**2 - 14*r - 50. Let f(p) = 4*c(p) - 5*g(p). Is f(19) a composite number?
True
Let d(r) = r**3 - r**2 - 5. Let a be d(3). Is (-488398)/(-18) + a/(-468)*8 prime?
False
Let d = 288602 + -163149. Is d prime?
True
Suppose 4*f - 44 = 188. Let t = -64 + f. Is 9939/6 + -2 + (-15)/t a prime number?
True
Let a = -28757 - -69610. Is a a composite number?
False
Let u = 17771 + -11649. Let k = -4221 + u. Is k a composite number?
False
Is 17 - (-18)/(-6) - -207999 prime?
False
Is 2164393/22 + (-4*(-1)/8)/(-1) a composite number?
True
Let i(a) = -36*a + 74*a + 22*a + 70*a + 86 + 143*a. Is i(19) a prime number?
True
Let b(n) be the first derivative of n**6/60 + 7*n**5/60 - 7*n**4/24 - n**3/6 + 2*n**2 - 19. Let d(g) be the second derivative of b(g). Is d(5) prime?
True
Let c(a) be the second derivative of -a**5/20 - 5*a**4/12 + 2*a**3/3 - 13*a**2/2 + 9*a. Let y be c(-6). Is ((-1)/(-2))/((y - 6)/(-5348)) composite?
True
Let h(v) be the third derivative of 37*v**6/120 - v**5/60 - v**4/24 + v**3/2 - 2*v**2. Suppose -3*n - 26*r = -29*r - 12, -3*r = 6. Is h(n) prime?
True
Let n(r) be the third derivative of 8*r**5/3 - 3*r**4/8 + 3*r**3/2 + r**2. Let y(f) = 32*f**2 + 1023*f - 28. Let m be y(-32). Is n(m) a prime number?
False
Is (-79663530)/(-306) - 10/(-15) composite?
False
Suppose 0 = -b + 5, -b - b - 36734 = -3*h. Suppose -2*c - 3*u = -u - 6122, -4*c = 3*u - h. Suppose 5*i - 3650 = 3*l, -4*i + l + c = 138. Is i composite?
False
Let n(u) = -u + 12*u**2 - 2*u + 0*u**3 + 2*u - u**3 + 7. Let s be n(12). Let j(l) = -175*l + 12. Is j(s) a composite number?
False
Let b be (-1)/(2/(-10))*(-21)/(-5). Suppose -v - 6*v + b = 0. Is v + -5 + 1 - -178 a prime number?
False
Suppose 0 = t + 2*t - 78. Let r = 26 - t. Suppose -7*z + 412 + 1387 = r. Is z a composite number?
False
Suppose -4*k = 5*s - 23, -16 + 13 = -3*k + s. Suppose -18*j + 8440 = k*j. Is j composite?
True
Let u be ((-213)/(-15) - 15)/((-2)/100). Suppose -u*j + 77389 = -27*j. Is j composite?
False
Let y(a) = 431*a**2 + 5*a - 1. Let x = -259 + 172. Let j be x/54*2 - 18/(-81). Is y(j) composite?
False
Suppose 5*w + g - 18822 = 0, 18816 = w + 4*w + 3*g. Suppose 0 = 2*h - w - 5335. Suppose -5*q + h = 5*j, -4*j - 2*q = q - 3637. Is j a composite number?
False
Suppose 2209 - 7376 = 5*y - d, 4134 = -4*y + d. Let l be 0 - (-13840)/9 - (-2)/9. Let h = l + y. Is h prime?
False
Let n = 19 + -13. Let m(b) = 15*b + 13. Let a be m(n). Let z = 362 - a. Is z a composite number?
True
Let o(v) = 3643*v**2 - 81*v - 511. Is o(-6) a composite number?
True
Suppose 0 = -126*r + 121*r - 4*c + 4569371, 3*c - 3655495 = -4*r. Is r a prime number?
False
Let x = -4354 - -7231. Suppose a - 5*q - 13 = 0, -5*a + 1 = 3*q - 8. Suppose 4*j + 2*y + y - 3829 = 0, 3*j - a*y - x = 0. Is j a composite number?
True
Suppose -29 + 55 = 2*z. Is (208/z)/(-64) - 37349/(-4) prime?
True
Let l be (-60)/(-5)*(-4)/(-19 + 7). Let x be 2/(2*1)*0. Suppose -3*r = h + r - 2230, l*r - 12 = x. Is h a prime number?
False
Suppose -2*h + 1 = -h. Is (-115)/23*1/(h/(-1693)) a prime number?
False
Let o(y) = -40*y**3 + 75*y**3 + 6*y**2 + 12 - 36*y**3 - 7*y. Let h be o(5). Is 2235/(-10)*h/(-3) prime?
True
Let s = 3109 - -409. Let t = 7839 - s. Is t a prime number?
False
Let p(d) = 9*d + 19. Let b be p(8). Let j = b + -63. Is 107 + ((-16)/j)/((-2)/7) prime?
True
Let n(t) be the third derivative of 7*t**5/30 - 103*t**3/6 + 114*t**2. Is n(17) a prime number?
True
Suppose -2*d + 3*v = -1631, d + 0*d - v - 816 = 0. Let b = 1991 - d. Suppose f + 5*z - 1076 = 0, 0 = -f - z - 110 + b. Is f a prime number?
True
Suppose 18*v = 12*v + 72. Suppose -3*o + v - 19 = -4*q, 20 = 5*q. Suppose o*a - 1726 = a. Is a composite?
False
Let r = -44 + 44. Suppose 6*j - 5942 - 4132 = r. Is j composite?
True
Let p be ((-12)/10)/((-63)/210). Suppose p*z + 9*g = 12*g + 158002, 157998 = 4*z - g. Is z prime?
True
Let z be ((-6)/(-4))/((-225)/(-68550)). Let c(v) = 18*v**2 + 7*v - 1. Let n be c(-5). Let i = z + n. Is i prime?
False
Suppose 9*f = -f + 40. Is (446/(-8))/(f/(-16)) a prime number?
True
Suppose -5*c = 12*c - 252311 - 1679042. Is c composite?
True
Suppose -1432657 = -4*a - 66*z + 69*z, -2*a - 4*z + 716334 = 0. Is a prime?
False
Is 5269*3 - (16 + (-8 - 10)) a prime number?
True
Suppose -3*l + 1576 = 5*f, 0*l + 1038 = 2*l - 3*f. Suppose 4*t + 1298 = -5*m, 2*m - l = 4*m + 3*t. Let j = m - -677. Is j prime?
True
Let x(o) be the second derivative of -3/2*o**2 + 682/3*o**3 + 6*o + 0. Is x(1) prime?
True
Suppose 23 = y + 4*q, -17 = -4*y - 0*q - q. Let g(l) = -2*l + 3 - l + 3 + 170*l**y - 3 + l**2. Is g(2) a prime number?
True
Suppose 0 = 27*y - 7*y + 360. Let w(k) = -k**3 - 19*k**2 - 41*k + 17. Is w(y) a prime number?
True
Let i = -98 - -103. Suppose 12838 = 3*k + i*c, -4*c + 16 = -8*c. Is k composite?
True
Let v = 254 + -216. Suppose 47*u = v*u + 37809. Is u a composite number?
False
Let s be ((-90)/3)/6 + 1700/(-2). Let q = s - -5252. Is q prime?
True
Suppose 0 = -6*f + 362468 + 1061218. Suppose -31*n = -f + 52366. Is n a composite number?
True
Suppose -20*u = -22*u + d - 107, -u = -3*d + 61. Is u*(-1239)/56*(-4)/(-6) a prime number?
False
Let s(b) = 31*b + 11. Suppose -55 = 9*t - 10. Let f be s(t). Let v = f - -277. Is v a composite number?
True
Let b(h) = -406622*h**3 - 5*h**2 - 11*h - 7. Is b(-1) prime?
False
Suppose -2515188 = -4*x - 4*m, -4*m + 2194263 - 307874 = 3*x. Is x a composite number?
False
Let v be 17652/16 - (-1)/(-4). Let g = 2298 - v. Is g prime?
False
Let g(p) = 17*p**2 - 19*p + 7. Let n be ((-4)/(-24))/((-4)/(-312)). Is g(n) a composite number?
False
Let i = 132 + -106. Is 8785/2 - (i/4 + -5) a composite number?
False
Let t(m) = 2*m**2 + 26*m + 41. Let n be t(-20). Suppose 2*d = n + 165. Suppose l - 1988 = d. Is l a prime number?
False
Suppose 0 = -z - p + 5, -2*p + 4*p - 6 = 0. Suppose k - 2 = z. Suppose -u - 1203 = -2*u + k*s, -u - 5*s = -1221. Is u prime?
False
Suppose h + 21*h - 110 = 0. Suppose h*f = 9441 + 314. Is f a prime number?
True
Suppose -5*m + h + 179027 = 0, 3*m + 3*h + 12659 = 120104. Is m a composite number?
True
Let r = -20 - -26. Let l be 56200/15 + r/(-9). Is l/8 + 30/40 a composite number?
True
Suppose -4*s - 435732 = -4*y, 11*y + 3*s = 15*y - 435728. Is y a composite number?
False
Is 93140940/2596 - 8/(-22) a prime number?
True
Is 1248637/11 + (-84)/(-154) a prime number?
True
L